2 + 9*b + 4. Let l = -388 + 384. What is p(l)?
-16
Let i(n) = -n**2 + 3*n + 12. Let d be i(-3). Let a(k) = k + 12. Calculate a(d).
6
Let o(d) = 3*d + 2. Let l(p) = -4*p - 150. Let x be l(-38). Determine o(x).
8
Let c(n) = -4*n**3 + 3*n**3 - 8*n**2 - 109 + 106 - 7*n. Give c(-7).
-3
Suppose 4*m - 3 = 3*a - 8*a, -12 = 2*m - 2*a. Let u(h) = -6*h**2 - 4*h + 1. Determine u(m).
-41
Let f(q) = 2*q**2 + 10*q + 4. Let l be f(-5). Let t(u) = u**2 - 3*u + 8. Calculate t(l).
12
Let n(x) = 4*x + 5. Let t = -1748 - -1745. Calculate n(t).
-7
Let v(o) = -4*o - 5. Let k(m) = m + 1. Let q(s) = -10*s - 11. Let a(i) = -14*k(i) - 2*q(i). Let f(c) = 5*a(c) + 8*v(c). What is f(5)?
-10
Let v(u) = -u**2 - u + 1. Let z(b) = b**3 - 2*b**2 - 2*b - 8. Let f(n) = 2*v(n) - z(n). Calculate f(0).
10
Let i(q) = 20*q**2 + 2*q - 5. Let n(p) = p**2 - 1. Let v(x) = i(x) - 6*n(x). Let j(z) = -z - 1. Let y be j(-7). Suppose y*o + 6 = -0*o. Calculate v(o).
13
Let c be (((-4)/3)/2)/(6/81). Let w(f) = 5*f - 7. Let i(m) = -21*m + 29. Let o(j) = c*w(j) - 2*i(j). Let q be 0*2/(-4) - -4. Calculate o(q).
-7
Let f be 24/(3 + 1)*(2 + -1). Let u(q) = q**3 - 7*q**2 + 4*q - 4. What is u(f)?
-16
Let x(g) = g**2 + 10*g - 6. Let u(b) = -b**2 + 37*b - 329. Let d be u(23). Determine x(d).
-27
Let f(i) = 2*i**2 - 2*i - 7. Let j be f(3). Suppose 0*b = j*b. Let o(y) = -y**2 - y - 2. What is o(b)?
-2
Let q(y) = y - 1. Let c = 1 - 4. Let b(h) be the third derivative of -h**4/24 - h**3/2 + 5*h**2. Let s be b(c). Calculate q(s).
-1
Let v(a) be the third derivative of a**3/6 + 3*a**2. Let d(g) be the first derivative of g**2/2 - 3*g - 5. Let w(k) = d(k) + 5*v(k). Determine w(-4).
-2
Suppose 3 + 0 = -n, 4*x + 240 = -4*n. Let a = x - -55. Let t(u) be the first derivative of -u**4/4 - u**3 - u**2/2 - u + 3. What is t(a)?
-3
Let c = -162 + 166. Let h(m) = -m**2 + 6*m - 1. Calculate h(c).
7
Let p(w) be the third derivative of 0 + 0*w + 2*w**3 + 7/24*w**4 + 2/15*w**5 - 1/120*w**6 + 4*w**2. Suppose -z = -r - 5*z - 7, 3*r + 2*z = 19. Determine p(r).
-6
Suppose -2*f - 2 = 4, 4*m + 7 = -5*f. Let c(u) = -8*u + 3. Determine c(m).
-13
Let l(v) = -v**3 - 15*v**2 - 12*v + 26. Let g = -2297 + 2283. What is l(g)?
-2
Let u(m) = 8*m - 2 + 2*m - 13*m. Let g = 3 + -6. Let o(z) = -4*z - 3. Let q(d) = g*u(d) + 2*o(d). Determine q(-3).
-3
Let i(h) = h**3 - 7*h**2 + 9. Let t(m) = -m**2 + m + 7. Suppose 2*a = -3*a. Let d be t(a). Determine i(d).
9
Suppose 33*h - 2*q = 29*h, 2*h = 3*q. Let a(b) = -b - 11. What is a(h)?
-11
Let o(z) be the second derivative of 5/6*z**3 + 1/12*z**4 - 1/2*z**2 + 0 + 8*z. Give o(-5).
-1
Let q(d) be the first derivative of d**5/60 + 5*d**3/2 + 5*d**2/2 + 2. Let o(n) be the second derivative of q(n). Let h = -62 - -62. Determine o(h).
15
Let r be (4/(-1) - -1) + (-240)/(-15). Suppose -r*m - 6 = -12*m. Let o(c) = 2*c + 6. Give o(m).
-6
Let c(q) be the first derivative of 15*q**2 + 25*q - 43. Let t(x) = -x - 1. Let h(d) = -c(d) - 25*t(d). Give h(-1).
5
Let h(f) = -f**3 + 2*f**2 + f + 1. Let y be h(0). Let z(r) = r**2 - 2*r**2 + r + 0*r. Calculate z(y).
0
Let y(b) be the third derivative of 0 + 1/24*b**4 + 0*b**3 - 2*b**2 + 0*b. Let u = -10 + 14. Give y(u).
4
Suppose -12*p + 8*p = -16. Let a be 4/6*(-10 - (-2 + p)). Let n(f) = f**3 + 9*f**2 + 9*f - 1. Give n(a).
-9
Let n(b) = 7*b - 1. Let o(i) = -5*i - 1. Let v(r) = -3*n(r) - 4*o(r). Suppose w - 3*w + 3*t + 22 = 0, -5*w = -4*t - 41. Determine v(w).
2
Let k(i) = -i**2 + 3*i. Let p be k(3). Suppose 2*l + l - 6 = p. Let r(x) = x**2 - 1. Let g(h) = -3*h**2 - 5*h + 8. Let w(a) = l*r(a) + g(a). Determine w(-5).
6
Let z(y) = 3 - y**2 + 4*y**2 - 2*y - 4*y**2. Suppose -34*x + 38 = 174. Calculate z(x).
-5
Let q(n) = n**3 + 2*n**2 - n + 4. Suppose -14 = 2*f + 4. Let c(x) = -x**3 - 8*x**2 + 7*x - 10. Let k be c(f). Let z be 4/(-6)*36/k. Calculate q(z).
-2
Let u(k) = 15*k**3 + 23*k**2 - k + 25. Let j(l) = -7*l**3 - 11*l**2 - 12. Let t(m) = 13*j(m) + 6*u(m). Calculate t(-3).
-6
Let w be -4 - 1*-2 - 0. Let k(z) be the first derivative of z**3/2 - z**2 - 9*z - 9. Let j(o) be the first derivative of k(o). What is j(w)?
-8
Let g(k) = k**3 + 10*k**2 + 13*k + 13. Let a = -121 + 112. Calculate g(a).
-23
Let z = 2 + 5. Let w be 129/7 + (-3)/z. Suppose -2*b = 2*u - w, -b + 4 = -u + 1. Let v(o) = -o. Determine v(b).
-6
Let z(w) be the first derivative of -w**4/4 - 8*w**3/3 - 5*w**2/2 + 10*w + 8. Let r be -4 + 2/4*-6. What is z(r)?
-4
Let d(t) = -20*t + 1437*t**3 + 6 - 2871*t**3 + 11*t**2 + 1433*t**3. Give d(9).
-12
Let n(p) = 0*p + 6*p + p**2 - 6 + 16 + 3*p. Suppose -3*q - 8 = 22. Let y = q - -3. What is n(y)?
-4
Let x be 2 + 2 - (-2 + 2). Suppose 4*g - 12 = x, g - 32 = -4*b. Let a(s) = s + 7. Calculate a(b).
14
Let l(i) = 11*i. Suppose -7*q = -5*m - 3*q, 5*m = 3*q + 5. Suppose 7*f = 2*f, -2*s + m*f = -2. Determine l(s).
11
Let n(z) be the first derivative of z**3/3 + 3*z**2 - 3*z - 351. Let t = -5 - 0. What is n(t)?
-8
Let i(x) = x**2 + 2*x + 2. Suppose 2*d + 1 = -5. Let c be i(d). Let b(f) = f**2 - 5*f + 3. Let u be b(c). Let r(t) = t**2 - 4*t. Calculate r(u).
-3
Let f(s) be the first derivative of s**2/2 - s - 1. Let p be ((-2)/(-4))/(((-51)/(-3))/(-34)). Determine f(p).
-2
Let y(n) = 2*n + 2. Let i = -2 - -7. Suppose -2*u - 2 = -2*z, -7*u + 3*u - i*z = -41. Determine y(u).
10
Let c = -6 - -12. Let g(k) = -k + 2 + 6 + 0*k + 0 - 7. What is g(c)?
-5
Let m(p) be the third derivative of -p**4/24 - 14*p**3/3 + p**2 - 27. Determine m(0).
-28
Let c(i) = -i - 6. Let t(z) = z**2 + 2*z + 1. Let d be t(-1). Suppose 5*l + 1 - 10 = w, 2*w - 4*l = d. Let q be ((-27)/(-6))/(w/(-8)). Give c(q).
0
Let o(i) be the second derivative of -i**5/120 + 5*i**4/24 - i**3/3 - 7*i. Let d(p) be the second derivative of o(p). Suppose 0 = -m + 3*m. What is d(m)?
5
Suppose 2*a - 3*d = d + 16, 3*a + 4*d + 26 = 0. Let n be (-4)/((0 + a)/1). Let q(v) = 3*v**3 - 4*v**3 + 18*v - n - 15*v + v**2. Calculate q(3).
-11
Let u(w) = -967*w - 6 + 968*w - 4. Calculate u(5).
-5
Let u(y) = -9*y - 5*y**2 - 2*y**3 + 7 + 25*y**2 + 3*y**3 - 27*y**2. Determine u(8).
-1
Let o(z) be the third derivative of z**4/24 - 3*z**3 + 20*z**2. What is o(12)?
-6
Let f(m) = -m**2 + 2 - m**3 + 3 - 19 + 2*m + 5 + 8. What is f(-2)?
-1
Let a(g) = g**2 + 7*g - 6. Let h(u) = u**3 + 4*u**2 + 5*u + 13. Suppose 3*p + 1 = -n, 3*n = 5*n + 5*p + 3. Let b be h(n). Determine a(b).
-6
Let q(c) = -8*c - 20. Let p(s) = 3*s + 7. Let a(y) = -11*p(y) - 4*q(y). Let b be (-62)/(-14) - (12 - (-1053)/(-91)). Determine a(b).
-1
Let h(j) = -j**2 + 6*j - 4. Let t be h(4). Let q = -2 + t. Let n(a) = 3 - 29*a**2 - 25*a**2 - 13*a**2 - 2*a + 84*a**2 - 20*a**2. Give n(q).
-13
Let t = 170 + -173. Let q(g) = g**3 + g**2 - 3*g + 3. Give q(t).
-6
Let k(d) be the third derivative of -12*d**2 - 1/3*d**4 + 0 + 0*d + 0*d**3. What is k(-1)?
8
Let q(x) = x**3 - 7*x**2 - 8*x + 7. Let o be q(8). Let f(s) = 2*s + o*s - 5 + 0. Let j(y) = 8*y - 5. Let a(h) = -6*f(h) + 7*j(h). Determine a(4).
3
Suppose 29*g = 2*g - 135. Let s(u) be the third derivative of 0*u + 1/12*u**5 + 1/120*u**6 - 1/24*u**4 - 1/6*u**3 - u**2 + 0. Determine s(g).
4
Let t(i) = i**3 + 5*i**2 + 8*i + 10. Let q(b) = -b**2 - 49*b - 262. Let s be q(-6). Determine t(s).
-6
Let f = 539 + -553. Let l(w) = w**3 + 13*w**2 - 14*w + 19. Determine l(f).
19
Let d(s) = -s**2 + 22*s + 25. Let x be d(23). Let o(j) = -2*j**3 + 2*j**2 - 3*j. What is o(x)?
-14
Suppose -5*x - 10 = -4*v - 0*x, 2*v - 2 = x. Let g(c) = -3*c**2 - 1. Determine g(v).
-1
Suppose 7 = 3*l + 4. Suppose 5*w - 9 - l = 0. Let j(m) = 3*m - m - m**w - 7 + 0*m - 9*m. Give j(-6).
-1
Let j(u) = 162 + 8*u - u - 5*u - 189. What is j(7)?
-13
Let n(k) = -4*k**2 - 8*k - 1. Let h(w) = 5*w**2 + 10*w + 1. Let d(c) = -3*h(c) - 4*n(c). Give d(-3).
4
Suppose -5*u + t - 3 = 22, 17 = -3*u + t. Let z(f) = 6*f + 2. Calculate z(u).
-22
Let d be (-1)/3*2 + (-28)/(-6). Suppose -2*l + 3*l = d. Let k(b) = -b**3 + 3*b**2 + 4*b - 3. Determine k(l).
-3
Let t = -365 + 377. Let o(y) = y - 21. What is o(t)?
-9
Let o be 0 + 4/(-1) - -1. Let h(v) = -5*v**2 + 5*v - 13. Let b(q) = 11*q**2 - 12*q + 30. Let n(y) = -4*b(y) - 9*h(y). What is n(o)?
-3
Suppose h = 5*w - 57, -2*h - h - 39 = -4*w. Let i(d) = 16*d**2 + 5*d - d**3 - w*d**2 - 10 + 4. Calculate i(5).
-6
Let o(r) = -r**2. Suppose 0 = -5*d + u - 2*u +